{"id":101,"date":"2023-07-04T12:38:59","date_gmt":"2023-07-04T12:38:59","guid":{"rendered":"https:\/\/neuminnet.ulpgc.es\/?page_id=101"},"modified":"2023-07-25T08:19:24","modified_gmt":"2023-07-25T08:19:24","slug":"trastornos-del-neurodesarrollo","status":"publish","type":"page","link":"https:\/\/neuminnet.ulpgc.es\/index.php\/tematicas\/trastornos-del-neurodesarrollo\/","title":{"rendered":"Trastornos del neurodesarrollo"},"content":{"rendered":"\n<h2 class=\"wp-block-heading\">Trastornos del neurodesarrollo<\/h2>\n\n\n\n<p>Los trastornos del neurodesarrollo tienen su origen en una alteraci\u00f3n gen\u00e9tica que tiene lugar en la etapa embrionaria. Las caracter\u00edsticas cl\u00ednicas, f\u00edsicas, cognitivas, conductuales y ling\u00fc\u00edsticas de quienes padecen un trastorno de este tipo suelen ser muy espec\u00edficas y se relacionan  con la anomal\u00eda gen\u00e9tica que las origin\u00f3. <\/p>\n\n\n\n<p>La mayor\u00eda de s\u00edndromes gen\u00e9ticos, como el s\u00edndrome de Down, s\u00edndrome de Williams, s\u00edndrome de Prader Willi, s\u00edndrome X-Fr\u00e1gil, s\u00edndrome de Smith Magenis (entre otros muchos), tienen en com\u00fan la alteraci\u00f3n del neurodesarrollo, que se evidencia en aspectos muy dispares del fenotipo del individuo: problemas cl\u00ednicos diversos, dificultades cognitivas, retraso del desarrollo ling\u00fc\u00edstico, problemas de aprendizaje, dificultades motoras, entre otros. <\/p>\n\n\n\n<p>Las dificultades motoras son evidentes desde las primeras etapas de la infancia y afectan a la motricidad gruesa y fina a causa de la neuropat\u00eda que todos los afectados presentan. Los problemas de inervaci\u00f3n tambi\u00e9n quedan evidenciados en la voz. <\/p>\n\n\n\n<p>La biomec\u00e1nica lar\u00edngea de quienes padecen un trastorno del neurodesarrollo ofrece informaci\u00f3n muy valiosa sobre el estado y el funcionamiento de los pliegues vocales bajo una condici\u00f3n gen\u00e9tica espec\u00edfica. <\/p>\n\n\n\n<div data-wp-interactive=\"core\/file\" class=\"wp-block-file\"><object data-wp-bind--hidden=\"!state.hasPdfPreview\" hidden class=\"wp-block-file__embed\" data=\"https:\/\/neuminnet.ulpgc.es\/wp-content\/uploads\/2023\/07\/NeuMinNet_sindromes-y-voz-Irene-1.pdf\" type=\"application\/pdf\" style=\"width:100%;height:600px\" aria-label=\"Incrustado de NeuMinNet_sindromes-y-voz-Irene-1.\"><\/object><a id=\"wp-block-file--media-ca5f567d-f0b7-483c-8f95-590e6e5735e2\" href=\"https:\/\/neuminnet.ulpgc.es\/wp-content\/uploads\/2023\/07\/NeuMinNet_sindromes-y-voz-Irene-1.pdf\">NeuMinNet_sindromes-y-voz-Irene-1<\/a><a href=\"https:\/\/neuminnet.ulpgc.es\/wp-content\/uploads\/2023\/07\/NeuMinNet_sindromes-y-voz-Irene-1.pdf\" class=\"wp-block-file__button wp-element-button\" download aria-describedby=\"wp-block-file--media-ca5f567d-f0b7-483c-8f95-590e6e5735e2\">Descarga<\/a><\/div>\n","protected":false},"excerpt":{"rendered":"<p>Trastornos del neurodesarrollo Los trastornos del neurodesarrollo tienen su origen en una alteraci\u00f3n gen\u00e9tica que tiene lugar en la etapa embrionaria. Las caracter\u00edsticas cl\u00ednicas, f\u00edsicas, cognitivas, conductuales y ling\u00fc\u00edsticas de quienes padecen un trastorno de este tipo suelen ser muy espec\u00edficas y se relacionan con la anomal\u00eda gen\u00e9tica que las origin\u00f3. La mayor\u00eda de s\u00edndromes &hellip;<\/p>\n<p class=\"read-more\"> <a class=\"\" href=\"https:\/\/neuminnet.ulpgc.es\/index.php\/tematicas\/trastornos-del-neurodesarrollo\/\"> <span class=\"screen-reader-text\">Trastornos del neurodesarrollo<\/span> Leer m\u00e1s &raquo;<\/a><\/p>\n","protected":false},"author":2,"featured_media":0,"parent":65,"menu_order":0,"comment_status":"closed","ping_status":"closed","template":"","meta":{"site-sidebar-layout":"default","site-content-layout":"default","ast-global-header-display":"","ast-banner-title-visibility":"","ast-main-header-display":"","ast-hfb-above-header-display":"","ast-hfb-below-header-display":"","ast-hfb-mobile-header-display":"","site-post-title":"","ast-breadcrumbs-content":"","ast-featured-img":"","footer-sml-layout":"","theme-transparent-header-meta":"","adv-header-id-meta":"","stick-header-meta":"","header-above-stick-meta":"","header-main-stick-meta":"","header-below-stick-meta":"","footnotes":""},"class_list":["post-101","page","type-page","status-publish","hentry"],"_links":{"self":[{"href":"https:\/\/neuminnet.ulpgc.es\/index.php\/wp-json\/wp\/v2\/pages\/101","targetHints":{"allow":["GET"]}}],"collection":[{"href":"https:\/\/neuminnet.ulpgc.es\/index.php\/wp-json\/wp\/v2\/pages"}],"about":[{"href":"https:\/\/neuminnet.ulpgc.es\/index.php\/wp-json\/wp\/v2\/types\/page"}],"author":[{"embeddable":true,"href":"https:\/\/neuminnet.ulpgc.es\/index.php\/wp-json\/wp\/v2\/users\/2"}],"replies":[{"embeddable":true,"href":"https:\/\/neuminnet.ulpgc.es\/index.php\/wp-json\/wp\/v2\/comments?post=101"}],"version-history":[{"count":4,"href":"https:\/\/neuminnet.ulpgc.es\/index.php\/wp-json\/wp\/v2\/pages\/101\/revisions"}],"predecessor-version":[{"id":135,"href":"https:\/\/neuminnet.ulpgc.es\/index.php\/wp-json\/wp\/v2\/pages\/101\/revisions\/135"}],"up":[{"embeddable":true,"href":"https:\/\/neuminnet.ulpgc.es\/index.php\/wp-json\/wp\/v2\/pages\/65"}],"wp:attachment":[{"href":"https:\/\/neuminnet.ulpgc.es\/index.php\/wp-json\/wp\/v2\/media?parent=101"}],"curies":[{"name":"wp","href":"https:\/\/api.w.org\/{rel}","templated":true}]}}