{"id":11,"date":"2023-06-29T08:43:08","date_gmt":"2023-06-29T08:43:08","guid":{"rendered":"https:\/\/neuminnet.ulpgc.es\/?page_id=11"},"modified":"2023-10-05T11:38:10","modified_gmt":"2023-10-05T11:38:10","slug":"inicio","status":"publish","type":"page","link":"https:\/\/neuminnet.ulpgc.es\/","title":{"rendered":"Inicio"},"content":{"rendered":"\n<div class=\"wp-block-cover alignfull is-light has-custom-content-position is-position-bottom-center wp-duotone-rgb980184-rgb25521464-1\" style=\"min-height:720px;aspect-ratio:unset;\"><span aria-hidden=\"true\" class=\"wp-block-cover__background has-background-dim-100 has-background-dim has-background-gradient\" style=\"background:linear-gradient(35deg,rgb(6,0,151) 0%,rgb(130,4,255) 73%,rgb(193,15,255) 100%)\"><\/span><div class=\"wp-block-cover__inner-container is-layout-flow wp-block-cover-is-layout-flow\">\n<div class=\"inherit-container-width wp-block-group alignfull is-layout-constrained wp-block-group-is-layout-constrained\">\n<div class=\"wp-block-media-text has-media-on-the-right is-stacked-on-mobile is-vertically-aligned-center\" style=\"grid-template-columns:auto 33%\"><div class=\"wp-block-media-text__content\">\n<h1 class=\"wp-block-heading has-text-align-left has-white-color has-text-color\"><mark style=\"background-color:rgba(0, 0, 0, 0)\" class=\"has-inline-color has-ast-global-color-7-color\">Neurolinguistic Mindfulness Network<\/mark><\/h1>\n\n\n\n<p>La comunidad donde especialistas interesados en el an\u00e1lisis del habla y de la voz comparten recursos e ideas.<\/p>\n\n\n\n<hr class=\"wp-block-separator has-alpha-channel-opacity\"\/>\n\n\n\n<div class=\"wp-block-columns is-layout-flex wp-container-core-columns-is-layout-28f84493 wp-block-columns-is-layout-flex\">\n<div class=\"wp-block-column is-layout-flow wp-block-column-is-layout-flow\" style=\"flex-basis:100%\">\n<div class=\"wp-block-buttons alignwide has-custom-font-size has-medium-font-size is-horizontal is-content-justification-center is-layout-flex wp-container-core-buttons-is-layout-03627597 wp-block-buttons-is-layout-flex\">\n<div class=\"wp-block-button is-style-fill\"><a class=\"wp-block-button__link wp-element-button\">M\u00e1s informaci\u00f3n<\/a><\/div>\n<\/div>\n<\/div>\n<\/div>\n<\/div><figure class=\"wp-block-media-text__media\"><img loading=\"lazy\" decoding=\"async\" width=\"1000\" height=\"750\" src=\"https:\/\/neuminnet.ulpgc.es\/wp-content\/uploads\/2023\/06\/logo-1.jpg\" alt=\"\" class=\"wp-image-29 size-full\" srcset=\"https:\/\/neuminnet.ulpgc.es\/wp-content\/uploads\/2023\/06\/logo-1.jpg 1000w, https:\/\/neuminnet.ulpgc.es\/wp-content\/uploads\/2023\/06\/logo-1-300x225.jpg 300w, https:\/\/neuminnet.ulpgc.es\/wp-content\/uploads\/2023\/06\/logo-1-768x576.jpg 768w\" sizes=\"auto, (max-width: 1000px) 100vw, 1000px\" \/><\/figure><\/div>\n<\/div>\n<\/div><\/div>\n\n\n\n<div class=\"wp-block-group alignfull has-ast-global-color-5-background-color has-background is-layout-constrained wp-container-core-group-is-layout-9cedb757 wp-block-group-is-layout-constrained\" style=\"padding-bottom:0px\">\n<div class=\"wp-block-columns are-vertically-aligned-top is-layout-flex wp-container-core-columns-is-layout-00723822 wp-block-columns-is-layout-flex\">\n<div class=\"wp-block-column is-vertically-aligned-top is-layout-flow wp-container-core-column-is-layout-6b73ce23 wp-block-column-is-layout-flow\">\n<figure class=\"wp-block-image aligncenter size-large is-resized\"><img loading=\"lazy\" decoding=\"async\" src=\"https:\/\/neuminnet.ulpgc.es\/wp-content\/uploads\/2023\/06\/20943774-1024x683.jpg\" alt=\"\" class=\"wp-image-48\" style=\"width:242px;height:162px\" width=\"242\" height=\"162\" srcset=\"https:\/\/neuminnet.ulpgc.es\/wp-content\/uploads\/2023\/06\/20943774-1024x683.jpg 1024w, https:\/\/neuminnet.ulpgc.es\/wp-content\/uploads\/2023\/06\/20943774-300x200.jpg 300w, https:\/\/neuminnet.ulpgc.es\/wp-content\/uploads\/2023\/06\/20943774-768x512.jpg 768w, https:\/\/neuminnet.ulpgc.es\/wp-content\/uploads\/2023\/06\/20943774-1536x1024.jpg 1536w, https:\/\/neuminnet.ulpgc.es\/wp-content\/uploads\/2023\/06\/20943774-2048x1365.jpg 2048w\" sizes=\"auto, (max-width: 242px) 100vw, 242px\" \/><\/figure>\n\n\n\n<h3 class=\"wp-block-heading has-text-align-left\" style=\"margin-top:16px\"><a href=\"https:\/\/neuminnet.ulpgc.es\/index.php\/aplicaciones\/\" data-type=\"link\" data-id=\"https:\/\/neuminnet.ulpgc.es\/index.php\/aplicaciones\/\">Aplicaciones<\/a><\/h3>\n\n\n\n<p class=\"has-text-align-left\">Programas inform\u00e1ticos en la investigaci\u00f3n interdisciplinar sobre el habla y la voz.<\/p>\n<\/div>\n\n\n\n<div class=\"wp-block-column is-vertically-aligned-top is-layout-flow wp-container-core-column-is-layout-6b73ce23 wp-block-column-is-layout-flow\">\n<figure class=\"wp-block-image aligncenter size-large is-resized\"><img loading=\"lazy\" decoding=\"async\" src=\"https:\/\/neuminnet.ulpgc.es\/wp-content\/uploads\/2023\/06\/66102-1024x745.jpg\" alt=\"\" class=\"wp-image-47\" style=\"width:225px;height:163px\" width=\"225\" height=\"163\" srcset=\"https:\/\/neuminnet.ulpgc.es\/wp-content\/uploads\/2023\/06\/66102-1024x745.jpg 1024w, https:\/\/neuminnet.ulpgc.es\/wp-content\/uploads\/2023\/06\/66102-300x218.jpg 300w, https:\/\/neuminnet.ulpgc.es\/wp-content\/uploads\/2023\/06\/66102-768x558.jpg 768w, https:\/\/neuminnet.ulpgc.es\/wp-content\/uploads\/2023\/06\/66102-1536x1117.jpg 1536w, https:\/\/neuminnet.ulpgc.es\/wp-content\/uploads\/2023\/06\/66102-2048x1489.jpg 2048w\" sizes=\"auto, (max-width: 225px) 100vw, 225px\" \/><\/figure>\n\n\n\n<h3 class=\"wp-block-heading has-text-align-left\" style=\"margin-top:16px\">Bases de datos<\/h3>\n\n\n\n<p class=\"has-text-align-left\">Recopilaciones de muestras de voces sanas y patol\u00f3gicas, infantiles y de adultos.<\/p>\n<\/div>\n\n\n\n<div class=\"wp-block-column is-vertically-aligned-top is-layout-flow wp-container-core-column-is-layout-6b73ce23 wp-block-column-is-layout-flow\">\n<figure class=\"wp-block-image aligncenter size-large is-resized\"><img loading=\"lazy\" decoding=\"async\" src=\"https:\/\/neuminnet.ulpgc.es\/wp-content\/uploads\/2023\/06\/5156797-1024x683.jpg\" alt=\"\" class=\"wp-image-49\" style=\"width:249px;height:166px\" width=\"249\" height=\"166\" srcset=\"https:\/\/neuminnet.ulpgc.es\/wp-content\/uploads\/2023\/06\/5156797-1024x683.jpg 1024w, https:\/\/neuminnet.ulpgc.es\/wp-content\/uploads\/2023\/06\/5156797-300x200.jpg 300w, https:\/\/neuminnet.ulpgc.es\/wp-content\/uploads\/2023\/06\/5156797-768x512.jpg 768w, https:\/\/neuminnet.ulpgc.es\/wp-content\/uploads\/2023\/06\/5156797-1536x1024.jpg 1536w, https:\/\/neuminnet.ulpgc.es\/wp-content\/uploads\/2023\/06\/5156797-2048x1365.jpg 2048w\" sizes=\"auto, (max-width: 249px) 100vw, 249px\" \/><\/figure>\n\n\n\n<h3 class=\"wp-block-heading has-text-align-left\" style=\"margin-top:16px\"><a href=\"https:\/\/neuminnet.ulpgc.es\/index.php\/bibliografia\/\" data-type=\"link\" data-id=\"https:\/\/neuminnet.ulpgc.es\/index.php\/bibliografia\/\">Bibliograf\u00eda<\/a><\/h3>\n\n\n\n<p class=\"has-text-align-left\">Publicaciones cient\u00edficas relacionadas con la tem\u00e1tica de NeuMinNet. <\/p>\n<\/div>\n\n\n\n<div class=\"wp-block-column is-vertically-aligned-top is-layout-flow wp-container-core-column-is-layout-6b73ce23 wp-block-column-is-layout-flow\">\n<figure class=\"wp-block-image aligncenter size-large is-resized\"><img loading=\"lazy\" decoding=\"async\" src=\"https:\/\/neuminnet.ulpgc.es\/wp-content\/uploads\/2023\/06\/8262271-1024x683.jpg\" alt=\"\" class=\"wp-image-50\" style=\"width:252px;height:168px\" width=\"252\" height=\"168\" srcset=\"https:\/\/neuminnet.ulpgc.es\/wp-content\/uploads\/2023\/06\/8262271-1024x683.jpg 1024w, https:\/\/neuminnet.ulpgc.es\/wp-content\/uploads\/2023\/06\/8262271-300x200.jpg 300w, https:\/\/neuminnet.ulpgc.es\/wp-content\/uploads\/2023\/06\/8262271-768x512.jpg 768w, https:\/\/neuminnet.ulpgc.es\/wp-content\/uploads\/2023\/06\/8262271-1536x1024.jpg 1536w, https:\/\/neuminnet.ulpgc.es\/wp-content\/uploads\/2023\/06\/8262271-2048x1365.jpg 2048w\" sizes=\"auto, (max-width: 252px) 100vw, 252px\" \/><\/figure>\n\n\n\n<h3 class=\"wp-block-heading has-text-align-left\" style=\"margin-top:16px\">Formaci\u00f3n<\/h3>\n\n\n\n<p class=\"has-text-align-left\">Seminarios y jornadas relacionadas con los intereses de la comunidad NeuMinNet.<\/p>\n<\/div>\n<\/div>\n<\/div>\n\n\n\n<div class=\"wp-block-group alignwide has-ast-global-color-5-background-color has-background is-layout-constrained wp-container-core-group-is-layout-94d206d0 wp-block-group-is-layout-constrained\" id=\"about\" style=\"padding-top:143px;padding-bottom:144px\">\n<div class=\"wp-block-media-text has-media-on-the-right is-stacked-on-mobile is-vertically-aligned-center\" style=\"grid-template-columns:auto 35%\"><div class=\"wp-block-media-text__content\">\n<div class=\"inherit-container-width wp-block-group is-layout-constrained wp-container-core-group-is-layout-47ce07ec wp-block-group-is-layout-constrained\" style=\"padding-right:80px\">\n<h2 class=\"wp-block-heading\" style=\"padding-right:40px\"><mark style=\"background-color:rgba(0, 0, 0, 0)\" class=\"has-inline-color has-ast-global-color-0-color\">\u00bfCu\u00e1l es la naturaleza de NeuMinNet?<\/mark><\/h2>\n\n\n\n<p>NeuMinNet es una comunidad multidisciplinar interesada en el procesamiento de la producci\u00f3n y de la recepci\u00f3n de la voz y del habla.<\/p>\n\n\n\n<p>NeuMinNet nace de la necesidad de un espacio com\u00fan donde expertos de distintas \u00e1reas de conocimiento, como neur\u00f3logos, logopedas, ling\u00fcistas, m\u00fasicos o ingenieros, puedan compartir sus intereses y quehaceres cient\u00edficos en el estudio de la neuroling\u00fc\u00edstica. <\/p>\n<\/div>\n<\/div><figure class=\"wp-block-media-text__media\"><img loading=\"lazy\" decoding=\"async\" width=\"1024\" height=\"683\" src=\"https:\/\/neuminnet.ulpgc.es\/wp-content\/uploads\/2023\/06\/Na_Nov_11-1024x683.jpg\" alt=\"\" class=\"wp-image-55 size-full\" srcset=\"https:\/\/neuminnet.ulpgc.es\/wp-content\/uploads\/2023\/06\/Na_Nov_11-1024x683.jpg 1024w, https:\/\/neuminnet.ulpgc.es\/wp-content\/uploads\/2023\/06\/Na_Nov_11-300x200.jpg 300w, https:\/\/neuminnet.ulpgc.es\/wp-content\/uploads\/2023\/06\/Na_Nov_11-768x512.jpg 768w, https:\/\/neuminnet.ulpgc.es\/wp-content\/uploads\/2023\/06\/Na_Nov_11-1536x1024.jpg 1536w, https:\/\/neuminnet.ulpgc.es\/wp-content\/uploads\/2023\/06\/Na_Nov_11-2048x1366.jpg 2048w\" sizes=\"auto, (max-width: 1024px) 100vw, 1024px\" \/><\/figure><\/div>\n<\/div>\n\n\n\n<div class=\"wp-block-group alignfull has-ast-global-color-4-background-color has-background is-layout-constrained wp-container-core-group-is-layout-6a2cfb7b wp-block-group-is-layout-constrained\" id=\"reviews\">\n<figure class=\"wp-block-image aligncenter size-full is-resized\"><img decoding=\"async\" src=\"https:\/\/neuminnet.ulpgc.es\/wp-content\/uploads\/2023\/06\/p2001dcd4g74001.jpeg\" alt=\"\" class=\"wp-image-56\" style=\"width:-154px;height:-232px\" width=\"-154\" height=\"-232\" srcset=\"https:\/\/neuminnet.ulpgc.es\/wp-content\/uploads\/2023\/06\/p2001dcd4g74001.jpeg 393w, https:\/\/neuminnet.ulpgc.es\/wp-content\/uploads\/2023\/06\/p2001dcd4g74001-198x300.jpeg 198w\" sizes=\"(max-width: 393px) 100vw, 393px\" \/><figcaption class=\"wp-element-caption\">Gunnar Fant<\/figcaption><\/figure>\n\n\n\n<p class=\"has-text-align-center\"><sup>nap.nationalacademies.org<\/sup><\/p>\n\n\n\n<p class=\"has-text-align-center\" style=\"font-size:22px;line-height:1.6\">\u201c \u201d<\/p>\n<\/div>\n\n\n\n<div class=\"wp-block-group alignfull is-layout-constrained wp-container-core-group-is-layout-3fee123f wp-block-group-is-layout-constrained\" id=\"whyus\" style=\"padding-top:144px;padding-bottom:144px\">\n<h2 class=\"wp-block-heading\">Why Choose Us<\/h2>\n\n\n\n<div class=\"wp-block-columns is-layout-flex wp-container-core-columns-is-layout-29aadeec wp-block-columns-is-layout-flex\" style=\"margin-top:60px\">\n<div class=\"wp-block-column is-layout-flow wp-container-core-column-is-layout-6b73ce23 wp-block-column-is-layout-flow\">\n<figure class=\"wp-block-image size-large\"><img decoding=\"async\" src=\"https:\/\/neuminnet.ulpgc.es\/wp-content\/themes\/astra\/inc\/assets\/images\/starter-content\/passionate.svg\" alt=\"\" class=\"wp-image-162\"\/><\/figure>\n\n\n\n<h3 class=\"wp-block-heading\" style=\"margin-top:16px\">Passionate<\/h3>\n\n\n\n<p>Tempor ullamcorper urna, est, lectus amet sit tempor pretium mi sed morbi cras posuere sit ultrices bibendum augue sit ornare.<\/p>\n<\/div>\n\n\n\n<div class=\"wp-block-column is-layout-flow wp-container-core-column-is-layout-6b73ce23 wp-block-column-is-layout-flow\">\n<figure class=\"wp-block-image size-large\"><img decoding=\"async\" src=\"https:\/\/neuminnet.ulpgc.es\/wp-content\/themes\/astra\/inc\/assets\/images\/starter-content\/professional.svg\" alt=\"\" class=\"wp-image-163\"\/><\/figure>\n\n\n\n<h3 class=\"wp-block-heading\" style=\"margin-top:16px\">Professional<\/h3>\n\n\n\n<p>Tempor ullamcorper urna, est, lectus amet sit tempor pretium mi sed morbi cras posuere sit ultrices bibendum augue sit ornare.<\/p>\n<\/div>\n\n\n\n<div class=\"wp-block-column is-layout-flow wp-container-core-column-is-layout-6b73ce23 wp-block-column-is-layout-flow\">\n<figure class=\"wp-block-image size-large\"><img decoding=\"async\" src=\"https:\/\/neuminnet.ulpgc.es\/wp-content\/themes\/astra\/inc\/assets\/images\/starter-content\/support.svg\" alt=\"\" class=\"wp-image-164\"\/><\/figure>\n\n\n\n<h3 class=\"wp-block-heading\" style=\"margin-top:16px\">Support<\/h3>\n\n\n\n<p>Tempor ullamcorper urna, est, lectus amet sit tempor pretium mi sed morbi cras posuere sit ultrices bibendum augue sit ornare.<\/p>\n<\/div>\n<\/div>\n<\/div>\n\n\n\n<div class=\"wp-block-group alignfull has-background is-layout-constrained wp-container-core-group-is-layout-cfcca693 wp-block-group-is-layout-constrained\" id=\"contact\" style=\"background:linear-gradient(35deg,rgb(6,0,151) 0%,rgb(130,4,255) 64%,rgb(193,15,255) 98%);padding-top:104px;padding-bottom:104px\">\n<h2 class=\"wp-block-heading has-text-align-center has-text-color\" style=\"color:#ffffff\">Get a professional website today!<\/h2>\n\n\n\n<div class=\"wp-block-buttons alignwide is-horizontal is-content-justification-center is-layout-flex wp-container-core-buttons-is-layout-bba8380a wp-block-buttons-is-layout-flex\" style=\"margin-top:50px\">\n<div class=\"wp-block-button\"><a class=\"wp-block-button__link wp-element-button\">Make a Website<\/a><\/div>\n<\/div>\n<\/div>\n","protected":false},"excerpt":{"rendered":"<p>Aplicaciones Programas inform\u00e1ticos en la investigaci\u00f3n interdisciplinar sobre el habla y la voz. Bases de datos Recopilaciones de muestras de voces sanas y patol\u00f3gicas, infantiles y de adultos. Bibliograf\u00eda Publicaciones cient\u00edficas relacionadas con la tem\u00e1tica de NeuMinNet. Formaci\u00f3n Seminarios y jornadas relacionadas con los intereses de la comunidad NeuMinNet. \u00bfCu\u00e1l es la naturaleza de NeuMinNet? &hellip;<\/p>\n<p class=\"read-more\"> <a class=\"\" href=\"https:\/\/neuminnet.ulpgc.es\/\"> <span class=\"screen-reader-text\">Inicio<\/span> Leer m\u00e1s &raquo;<\/a><\/p>\n","protected":false},"author":2,"featured_media":29,"parent":0,"menu_order":0,"comment_status":"closed","ping_status":"closed","template":"","meta":{"site-sidebar-layout":"no-sidebar","site-content-layout":"plain-container","ast-global-header-display":"","ast-banner-title-visibility":"","ast-main-header-display":"","ast-hfb-above-header-display":"","ast-hfb-below-header-display":"","ast-hfb-mobile-header-display":"","site-post-title":"disabled","ast-breadcrumbs-content":"","ast-featured-img":"","footer-sml-layout":"","theme-transparent-header-meta":"enabled","adv-header-id-meta":"","stick-header-meta":"","header-above-stick-meta":"","header-main-stick-meta":"","header-below-stick-meta":"","footnotes":""},"class_list":["post-11","page","type-page","status-publish","has-post-thumbnail","hentry"],"_links":{"self":[{"href":"https:\/\/neuminnet.ulpgc.es\/index.php\/wp-json\/wp\/v2\/pages\/11","targetHints":{"allow":["GET"]}}],"collection":[{"href":"https:\/\/neuminnet.ulpgc.es\/index.php\/wp-json\/wp\/v2\/pages"}],"about":[{"href":"https:\/\/neuminnet.ulpgc.es\/index.php\/wp-json\/wp\/v2\/types\/page"}],"author":[{"embeddable":true,"href":"https:\/\/neuminnet.ulpgc.es\/index.php\/wp-json\/wp\/v2\/users\/2"}],"replies":[{"embeddable":true,"href":"https:\/\/neuminnet.ulpgc.es\/index.php\/wp-json\/wp\/v2\/comments?post=11"}],"version-history":[{"count":15,"href":"https:\/\/neuminnet.ulpgc.es\/index.php\/wp-json\/wp\/v2\/pages\/11\/revisions"}],"predecessor-version":[{"id":172,"href":"https:\/\/neuminnet.ulpgc.es\/index.php\/wp-json\/wp\/v2\/pages\/11\/revisions\/172"}],"wp:featuredmedia":[{"embeddable":true,"href":"https:\/\/neuminnet.ulpgc.es\/index.php\/wp-json\/wp\/v2\/media\/29"}],"wp:attachment":[{"href":"https:\/\/neuminnet.ulpgc.es\/index.php\/wp-json\/wp\/v2\/media?parent=11"}],"curies":[{"name":"wp","href":"https:\/\/api.w.org\/{rel}","templated":true}]}}